
List the prime factors of 6114.
2, 3, 1019
What are the prime factors of 85039?
277, 307
List the prime factors of 85144.
2, 29, 367
What are the prime factors of 18832?
2, 11, 107
What are the prime factors of 167?
167
What are the prime factors of 26480?
2, 5, 331
List the prime factors of 59678.
2, 53, 563
List the prime factors of 6569.
6569
What are the prime factors of 8439?
3, 29, 97
What are the prime factors of 3234?
2, 3, 7, 11
List the prime factors of 2850.
2, 3, 5, 19
What are the prime factors of 477?
3, 53
What are the prime factors of 41706?
2, 3, 7, 331
List the prime factors of 189.
3, 7
What are the prime factors of 95667?
3, 11, 13, 223
List the prime factors of 2826.
2, 3, 157
What are the prime factors of 1276?
2, 11, 29
List the prime factors of 2979.
3, 331
What are the prime factors of 42?
2, 3, 7
What are the prime factors of 36839?
11, 17, 197
What are the prime factors of 49701?
3, 16567
List the prime factors of 64349.
229, 281
What are the prime factors of 34872?
2, 3, 1453
What are the prime factors of 13893?
3, 11, 421
What are the prime factors of 3042?
2, 3, 13
List the prime factors of 85266.
2, 3, 1579
What are the prime factors of 87790?
2, 5, 8779
What are the prime factors of 2151?
3, 239
What are the prime factors of 16498?
2, 73, 113
What are the prime factors of 1309?
7, 11, 17
What are the prime factors of 2325?
3, 5, 31
What are the prime factors of 10839?
3, 3613
What are the prime factors of 9820?
2, 5, 491
What are the prime factors of 143?
11, 13
List the prime factors of 6126.
2, 3, 1021
List the prime factors of 3501.
3, 389
What are the prime factors of 2003?
2003
List the prime factors of 947.
947
What are the prime factors of 122?
2, 61
What are the prime factors of 709?
709
List the prime factors of 10125.
3, 5
What are the prime factors of 872?
2, 109
What are the prime factors of 1085?
5, 7, 31
List the prime factors of 9727.
71, 137
What are the prime factors of 1460?
2, 5, 73
What are the prime factors of 1233?
3, 137
List the prime factors of 24695.
5, 11, 449
What are the prime factors of 36631?
7, 5233
What are the prime factors of 16110?
2, 3, 5, 179
List the prime factors of 4066.
2, 19, 107
List the prime factors of 7304.
2, 11, 83
List the prime factors of 11275.
5, 11, 41
List the prime factors of 774.
2, 3, 43
List the prime factors of 4395.
3, 5, 293
What are the prime factors of 94?
2, 47
What are the prime factors of 54153?
3, 11, 547
List the prime factors of 87200.
2, 5, 109
What are the prime factors of 10380?
2, 3, 5, 173
List the prime factors of 1206.
2, 3, 67
What are the prime factors of 5583?
3, 1861
What are the prime factors of 34047?
3, 13, 97
List the prime factors of 39604.
2, 9901
What are the prime factors of 2274?
2, 3, 379
What are the prime factors of 129043?
43, 3001
What are the prime factors of 12045?
3, 5, 11, 73
What are the prime factors of 1208?
2, 151
What are the prime factors of 34451?
47, 733
List the prime factors of 1143.
3, 127
What are the prime factors of 4350?
2, 3, 5, 29
What are the prime factors of 858?
2, 3, 11, 13
List the prime factors of 3388.
2, 7, 11
What are the prime factors of 597?
3, 199
List the prime factors of 2680.
2, 5, 67
List the prime factors of 2441.
2441
List the prime factors of 4244.
2, 1061
List the prime factors of 1807.
13, 139
List the prime factors of 4489.
67
What are the prime factors of 2158?
2, 13, 83
What are the prime factors of 624?
2, 3, 13
What are the prime factors of 4166?
2, 2083
What are the prime factors of 166?
2, 83
List the prime factors of 620.
2, 5, 31
What are the prime factors of 6654?
2, 3, 1109
What are the prime factors of 7796?
2, 1949
What are the prime factors of 10510?
2, 5, 1051
List the prime factors of 175254.
2, 3, 29209
List the prime factors of 4194.
2, 3, 233
What are the prime factors of 240?
2, 3, 5
List the prime factors of 7092.
2, 3, 197
List the prime factors of 64051.
13, 379
List the prime factors of 48.
2, 3
List the prime factors of 654.
2, 3, 109
List the prime factors of 34520.
2, 5, 863
What are the prime factors of 1914?
2, 3, 11, 29
What are the prime factors of 3538?
2, 29, 61
List the prime factors of 125477.
11, 17, 61
What are the prime factors of 1336?
2, 167
What are the prime factors of 117380?
2, 5, 5869
List the prime factors of 1491.
3, 7, 71
List the prime factors of 5205.
3, 5, 347
What are the prime factors of 2046?
2, 3, 11, 31
List the prime factors of 97992.
2, 3, 1361
List the prime factors of 21724.
2, 5431
What are the prime factors of 21317?
21317
What are the prime factors of 43879?
11, 3989
List the prime factors of 2424.
2, 3, 101
List the prime factors of 12728.
2, 37, 43
List the prime factors of 1247.
29, 43
What are the prime factors of 118?
2, 59
What are the prime factors of 1796?
2, 449
What are the prime factors of 2286?
2, 3, 127
List the prime factors of 547.
547
What are the prime factors of 54042?
2, 3, 9007
What are the prime factors of 13912?
2, 37, 47
List the prime factors of 23303.
7, 3329
What are the prime factors of 1810?
2, 5, 181
List the prime factors of 8137.
79, 103
What are the prime factors of 1783?
1783
What are the prime factors of 1669?
1669
What are the prime factors of 10085?
5, 2017
What are the prime factors of 13139?
7, 1877
List the prime factors of 956.
2, 239
List the prime factors of 48.
2, 3
What are the prime factors of 1366?
2, 683
What are the prime factors of 20422?
2, 10211
What are the prime factors of 91?
7, 13
What are the prime factors of 36326?
2, 41, 443
List the prime factors of 1128.
2, 3, 47
List the prime factors of 1060.
2, 5, 53
List the prime factors of 1267.
7, 181
What are the prime factors of 18341?
18341
What are the prime factors of 5915?
5, 7, 13
What are the prime factors of 701?
701
What are the prime factors of 4438?
2, 7, 317
List the prime factors of 7378.
2, 7, 17, 31
What are the prime factors of 1473?
3, 491
List the prime factors of 1530.
2, 3, 5, 17
What are the prime factors of 80087?
7, 17, 673
List the prime factors of 1151.
1151
List the prime factors of 4892.
2, 1223
List the prime factors of 10742.
2, 41, 131
What are the prime factors of 41?
41
List the prime factors of 4918.
2, 2459
List the prime factors of 44557.
17, 2621
What are the prime factors of 10280?
2, 5, 257
What are the prime factors of 89806?
2, 83, 541
List the prime factors of 2146.
2, 29, 37
What are the prime factors of 1306?
2, 653
List the prime factors of 464.
2, 29
What are the prime factors of 2130?
2, 3, 5, 71
List the prime factors of 700.
2, 5, 7
What are the prime factors of 1004?
2, 251
List the prime factors of 3322.
2, 11, 151
What are the prime factors of 56866?
2, 28433
List the prime factors of 7971.
3, 2657
List the prime factors of 1115.
5, 223
What are the prime factors of 7485?
3, 5, 499
List the prime factors of 92154.
2, 3, 15359
List the prime factors of 3547.
3547
What are the prime factors of 31237?
31237
What are the prime factors of 27858?
2, 3, 4643
What are the prime factors of 560?
2, 5, 7
List the prime factors of 60236.
2, 11, 37
List the prime factors of 16847.
17, 991
List the prime factors of 560.
2, 5, 7
What are the prime factors of 3304?
2, 7, 59
What are the prime factors of 1456?
2, 7, 13
List the prime factors of 57707.
13, 23, 193
List the prime factors of 434.
2, 7, 31
What are the prime factors of 7375?
5, 59
What are the prime factors of 4495?
5, 29, 31
List the prime factors of 62791.
62791
List the prime factors of 1308.
2, 3, 109
List the prime factors of 869.
11, 79
List the prime factors of 185.
5, 37
List the prime factors of 76794.
2, 3, 12799
List the prime factors of 78225.
3, 5, 7, 149
What are the prime factors of 12401?
12401
What are the prime factors of 7406?
2, 7, 23
What are the prime factors of 4113?
3, 457
List the prime factors of 1168.
2, 73
List the prime factors of 1036.
2, 7, 37
What are the prime factors of 16959?
3, 5653
List the prime factors of 61167.
3, 20389
List the prime factors of 33220.
2, 5, 11, 151
What are the prime factors of 35035?
5, 7, 11, 13
List the prime factors of 13246.
2, 37, 179
List the prime factors of 5310.
2, 3, 5, 59
List the prime factors of 1666.
2, 7, 17
List the prime factors of 95139.
